- 89*w - 1/3*w**3 + 0. Let f(o) = -o - 2. Let h be f(-5). Calculate l(h).
-1
Let s(t) = -t**3 - 20*t**2 - 53*t + 523. Let i be s(-12). Let w(l) be the first derivative of 4*l**2 + 1 + 1/4*l**4 - 7*l - 8/3*l**3. Calculate w(i).
0
Let k(p) = -p**3 + p**2 - 1. Let f(q) = q**2 - 8*q + 16. Let o be f(2). Let j(z) = -5*z**3 + 9*z**2 - z - 3. Let x(c) = o*k(c) - j(c). Determine x(5).
4
Let d(v) = -v**2 + 2. Let p be (-121)/(-22) + (-30)/(-12). Suppose -2*k - 18 = -p. Determine d(k).
-23
Let d(x) = -x**2 - 46*x - 22. Let h be d(-43). Let s = -106 + h. Let l(q) = -7*q. Give l(s).
-7
Let b(q) = -q - 5. Suppose 0 = -u - 5*l + 2*l + 100, 3*l - 197 = -2*u. Let r = u + -93. Suppose i = 2*i - r. Calculate b(i).
-9
Let v(x) be the third derivative of -2/3*x**3 + 1/24*x**4 + 1/120*x**6 + 20 - 2*x**2 - 1/20*x**5 + 0*x. What is v(3)?
-1
Let v(j) be the second derivative of -3*j + 0 + j**2 + 1/12*j**4 - 4/3*j**3. Let h(b) = 36*b - 1469. Let m be h(41). Give v(m).
-5
Let v(b) = 4*b**3 + 31*b**2 + 7*b - 25. Let s(x) = 9*x**3 + 74*x**2 + 16*x - 48. Let z(f) = -3*s(f) + 7*v(f). Give z(6).
11
Let q(k) = -2*k**3 + k**2 + 3*k. Let g(m) = -5*m**3 + 4*m**2 + 1. Let j(b) = g(b) - q(b). Give j(2).
-17
Let x(y) = -1 - 4*y + y**2 + 4*y - 18*y. Let g(z) = 917*z - 8235. Let q be g(9). Give x(q).
-1
Let s = 5 + -11. Let r(z) = -3*z + 4*z - 209152 - 5*z - z**2 + 209165. Give r(s).
1
Let p(m) be the first derivative of -m**4 + m**3/3 - 2*m**2 - 3*m - 613. Give p(-2).
41
Let q(j) = 2*j + 2*j**2 - j**3 - 106 + 56 - 3*j**2 + 51. Give q(2).
-7
Suppose -11*b = 32 - 98. Suppose -13*w + b*w = 42. Let p(z) = 2*z - 6. Calculate p(w).
-18
Let v = -47377 + 47384. Let k(g) be the first derivative of -g**3/3 + 5*g**2/2 + 9*g + 1. Calculate k(v).
-5
Let s(j) = 7*j + 64. Let w(i) = 8*i + 23. Let y(t) = -2*s(t) + 3*w(t). Give y(6).
1
Let p(w) = 6*w - 21*w + 2 + 7*w + 11*w. Let m be 8/5*(-315)/(-14). Let h = m + -39. Calculate p(h).
-7
Let m(o) = 2*o**2 - 3*o - 4. Suppose -81*d = 125 - 263 - 105. Determine m(d).
5
Suppose 26*k = 28*k - 4. Let s(o) = 5*o - 2*o**2 + 3*o**k - 13*o + 6*o + 3. Let n(b) = -b**3 - 8*b**2 - 8*b - 5. Let u be n(-7). What is s(u)?
3
Let r(i) = 13*i + 377. Let v(g) = -5. Let w(b) = r(b) + 78*v(b). Let x(f) = 16*f - 15. Let s(o) = -4*w(o) + 3*x(o). What is s(6)?
-17
Suppose 142*a + 135 = 145*a. Let g(b) = -b**3 - 6*b**2 + 47 - 48*b + a*b - 49. What is g(-5)?
-12
Suppose 10*i - 13*i + 23*i = 0. Let n(b) = b**3 + b**2 - 2*b - 40. Calculate n(i).
-40
Let o(n) = 9*n**2 - 4*n**2 + 12270*n - 12272*n - 9. Let a(j) = -13*j**2 + 4*j + 27. Let w(p) = 3*a(p) + 8*o(p). Give w(6).
21
Let a(b) = 15*b**3 - b**2 - 74*b + 7. Let i(u) = 13*u**3 - 63*u + 7. Let d(y) = 6*a(y) - 7*i(y). Give d(-6).
11
Let f(r) = -7 - 6 + 0 - r. Suppose -118 = 53*d - 29*d + 74. Give f(d).
-5
Let t = -80 - -150. Suppose 0 = 5*g - t. Let z be 7/g*2/1 - 5. Let d(o) = 2*o + 3. What is d(z)?
-5
Let m(v) be the first derivative of v**2/2 - v - 1. Suppose -1641 = -270*x + 273*x. Let n = 550 + x. What is m(n)?
2
Let t = 9716 - 9699. Let m(c) be the second derivative of -t*c + 0 - 1/6*c**3 + 1/2*c**2. Determine m(-5).
6
Let f(q) = q + 181057 - 181057 + 25*q**2. What is f(-2)?
98
Let d be (-60 + 57)*(1 - 2)*-3. Let c(s) = -12*s - 114. What is c(d)?
-6
Let v be 8/1 + -4 + -13. Let l(i) be the second derivative of 0 + 5*i**2 + 18*i + 1/6*i**3. Give l(v).
1
Let v(x) = 3*x**3 + 2*x**2 - 1. Suppose -2 = 3*n - n. Let r be v(n). Let d(t) = 2 - 422*t - 2*t**2 + 201*t + 223*t. What is d(r)?
-10
Let l(a) = -a**3 - 26 + 1398*a**2 + 24*a + 7 - 1410*a**2. Give l(-14).
37
Suppose 10*d - 8 - 32 = 0. Let n(i) = -9*i + 5. Let u(g) = -7*g + 3. Let v(l) = d*u(l) - 3*n(l). What is v(0)?
-3
Suppose 1855*b - 1852*b = -24. Let n(r) be the second derivative of -r**5/20 - r**4/2 + 2*r**3 + r**2 - 6*r - 2. Give n(b).
34
Let p(n) = 8*n + 87. Let f = 2730 + -2742. Calculate p(f).
-9
Let f(u) be the first derivative of -u**3/3 + 9*u**2 - 48*u - 273. Determine f(16).
-16
Let m(v) = -v**3 - 4*v**2 - 5*v + 25. Let q be m(0). Let r(j) = j**3 - 25*j**2 + 2*j - 57. What is r(q)?
-7
Let p(z) = -5*z + 83. Let b be p(18). Let d(c) = 2*c + 6. Calculate d(b).
-8
Let q(j) = j**3 - 85*j**2 - 165*j - 760. Let d be q(87). Let x(t) = -2*t**2 + 41*t + 105. Give x(d).
-10
Let u(s) = 10 + 28 - 3 - 7*s - s + 2*s. Determine u(4).
11
Let p(b) be the second derivative of b**5/20 + 5*b**4/6 + b**3 - 5*b**2/2 - b - 162. What is p(-8)?
75
Let o(q) = q + q**2 - 7*q + 250 - 4*q - 235. Determine o(10).
15
Let j(g) = -7*g**2 - 16 - g**3 - 7*g - 7 + 0*g**2 + 47 - 17. What is j(-6)?
13
Let o(m) = -m**2 - 13*m - 16. Let w be o(-11). Let h(x) = -w*x + 5 + 63*x**2 - 34*x**2 - 28*x**2. Calculate h(6).
5
Let c(h) be the second derivative of -h**4/6 + h**3/2 + 3*h**2/2 - 92*h - 1. Let f be (-31 + -2)/(-3) - 2. Suppose f = 2*g + g. Give c(g).
-6
Let w(g) = 2*g**3 + g**2 - 7*g + 7. Let r(h) = -3*h**2 + 83*h - 128. Let c be r(26). What is w(c)?
13
Let x(s) = -s**3 - 13*s**2 + 14*s - 10. Suppose 29*w = 28*w, 0 = -3*d - 2*w - 42. Calculate x(d).
-10
Let j(x) = -x**3 + 4*x**2 + 5*x - 4. Let d(b) = 6*b**2 - 5*b - 2*b**2 + 12*b**3 - 11*b**3. Let i be d(-5). Suppose q - 5 = -i*q. Give j(q).
-4
Let s = -206 + 229. Let d(i) = 38*i**2 + 4*i + 1 - 18*i**2 - s*i**2. Determine d(4).
-31
Let j(n) be the third derivative of -n**4/24 + 119*n**2. Let l(g) = 2*g**2 - 3. Let k(s) = -j(s) - l(s). Give k(3).
-12
Let h(y) = -10*y - 7. Suppose -2*n - o + 4 = 0, -14 = -n - 4*o + 2. Determine h(n).
-7
Let t(j) = 2*j**3 + 93*j**2 - 44*j + 156. Let m be t(-47). Let w(z) = 2*z**3 - 30*z**2 - 8. Give w(m).
-8
Let k = 243 + -235. Let r(b) = 19 - 41 + k*b + 21. Give r(1).
7
Let f(h) = 2*h + 136. Let r(s) = -3*s - 183. Let y(v) = -7*f(v) - 5*r(v). Calculate y(37).
0
Let n(m) = -125*m - 589. Let u(o) = 31*o + 140. Let c(i) = 6*n(i) + 26*u(i). Determine c(-2).
-6
Let i = -55 + 58. Let u(k) = -2 + 3*k + 12*k**i - 41*k**3 + 14*k**3 + 2*k**2 + 14*k**3. Suppose m - 5*x = -17, -4*m + 14 = -2*m + 2*x. What is u(m)?
-2
Let c(t) = 2*t**3 + 3*t**2 - 4*t - 4. Let x be (-1)/(-9 - (-222)/24). Determine c(x).
-68
Let v = -79 + 120. Let g = v + -39. Let u(r) = -6*r**2 + 4*r**2 + 4*r + r**g + 2. What is u(6)?
-10
Let w(n) be the first derivative of 2*n**3/3 + 3*n**2/2 + n + 60. Suppose -b = -3*q - 4, -168 = -3*b - 5*q - 198. Determine w(b).
36
Let v(k) = 154*k. Let u(w) = -182*w - 42. Let y(j) = -u(j) - v(j). Calculate y(-3).
-42
Let w(m) = -m**2 + 4*m + 4. Let u be w(4). Let y(x) = -38*x**2 - 4 + 0 - 3 - u*x + 39*x**2 - 3*x. Determine y(9).
11
Let f(d) be the second derivative of d**4/12 + 2*d**3/3 + 5625*d. Determine f(-4).
0
Let z(d) = -d**3 - 5*d**2 + 9*d + 7. Suppose -2*y - 6 = -0*u - u, 0 = -4*u - 3*y + 13. Suppose -2*b = -8, 5*b = -u*j + 51 + 97. Let t = 26 - j. Calculate z(t).
-11
Let f(x) = -7*x**2 - 3*x + 19. Let b(k) = -20*k**2 - 10*k + 56. Let y be -2 + 2 + -3 - -9. Let g(s) = y*b(s) - 17*f(s). Let o = -24 - -14. What is g(o)?
3
Let l = -67 + 49. Let p = l - -10. Let c(d) = 2*d + 78 - 37 - 29. What is c(p)?
-4
Let d = -684 + 681. Let h(g) = -g**3 - 3*g**2 - 6*g - 22. Let i be h(d). Let v(r) = -3*r**2 - 12*r + 5. What is v(i)?
5
Let m(c) = -252 - 80 + 311*c - 299*c. What is m(27)?
-8
Let r(u) = 49*u - 285. Let n(w) = -5*w**2 + 47*w + 192. Let j be n(-3). Calculate r(j).
9
Suppose 0 = 3*j - 17 + 32. Let z(n) be the first derivative of n**4/4 + 5*n**3/3 - 5*n + 7. What is z(j)?
-5
Let u = -165 + 167. Let y(x) = -15*x - 24*x + 1 + 45*x + x**u. Calculate y(-6).
1
Let w(m) = -29*m + 10. Let u(h) = -28*h + 10. Let n(s) = 4*u(s) - 3*w(s). Calculate n(2).
-40
Let u(y) be the second derivative of -y**3/6 - y**2/2 + 523*y. Let a(s) = -2*s + s**2 - 1 - 3*s + 7 - 3*s. Let b be a(6). Give u(b).
5
Let z = -2 - -5. Suppose -n = -1, 3*n - z + 6 = 2*w. Let r(g) = 2*g**2 + 3*g - 3*g**2 - w - 3*g**2 + 2*g**2. Give r(2).
-5
Let l(j) = j + 6. Suppose -o = -71 - 21. Let u = o + -104. Determine l(u).
-6
Let d(z) = -66*z - 335. Let n be d(-5). Let a(l) = -l**3 + l - 1. Let b(y) = -6*y**2 - 2*y + 5. Let f(j) = a(j) + b(j). Determine f(n).
-16
Let d(n) = 32*n - 2516762*n**2 + 2516761*n**2 - 18 - 12*n. Give d(19).
1
Let m(u) = 2*u**3 - 7 + 171*u**2 + u - u**3 - 165*u**2. Let v be ((-6)/(-4))/(4/16). Suppose r = z + 3*z + v, 4*r = -3*z - 33. Determine